{"id":65,"date":"2015-09-29T17:18:13","date_gmt":"2015-09-29T16:18:13","guid":{"rendered":"https:\/\/saintejeannedarc-lamarne.fr\/?page_id=65"},"modified":"2024-09-13T17:35:14","modified_gmt":"2024-09-13T16:35:14","slug":"projet-dannee","status":"publish","type":"page","link":"https:\/\/saintejeannedarc-lamarne.fr\/?page_id=65","title":{"rendered":"Projet d&#8217;ann\u00e9e 2024\/2025"},"content":{"rendered":"<p style=\"text-align: center;\"><span style=\"color: #0000ff;\"><strong>Notre projet cette ann\u00e9e&nbsp; &#8221; Le Tour du Monde en 180 jours &#8221; &nbsp; &nbsp;&nbsp; <a href=\"https:\/\/saintejeannedarc-lamarne.fr\/wp-content\/uploads\/2024\/09\/projet-2.webp\"><img loading=\"lazy\" decoding=\"async\" class=\"alignnone wp-image-7549\" src=\"https:\/\/saintejeannedarc-lamarne.fr\/wp-content\/uploads\/2024\/09\/projet-2-300x300.webp\" alt=\"\" width=\"90\" height=\"90\" srcset=\"https:\/\/saintejeannedarc-lamarne.fr\/wp-content\/uploads\/2024\/09\/projet-2-300x300.webp 300w, https:\/\/saintejeannedarc-lamarne.fr\/wp-content\/uploads\/2024\/09\/projet-2-150x150.webp 150w, https:\/\/saintejeannedarc-lamarne.fr\/wp-content\/uploads\/2024\/09\/projet-2.webp 598w\" sizes=\"(max-width: 90px) 100vw, 90px\" \/><\/a><br \/>\n<\/strong><\/span><\/p>\n<p>&nbsp;<\/p>\n<p>Ce tour du monde se fera au fil de l&#8217;ann\u00e9e avec des rencontres inter classes qui permettront la d\u00e9couverte de pays \u00e0 travers leurs traditions, leurs monuments, leurs sp\u00e9cialit\u00e9s culinaires, leurs artistes, leur histoire&#8230;.<\/p>\n<p>Le lancement du projet aura lieu le samedi matin 27 septembre dans la cour de l&#8217;\u00e9cole. De plus amples informations seront communiqu\u00e9es par le biais des carnets de liaison des \u00e9l\u00e8ves dans les semaines \u00e0 venir.<\/p>\n<p><a href=\"https:\/\/saintejeannedarc-lamarne.fr\/wp-content\/uploads\/2024\/09\/projet.jpg\"><img loading=\"lazy\" decoding=\"async\" class=\"size-medium wp-image-7550 aligncenter\" src=\"https:\/\/saintejeannedarc-lamarne.fr\/wp-content\/uploads\/2024\/09\/projet-300x300.jpg\" alt=\"\" width=\"300\" height=\"300\" srcset=\"https:\/\/saintejeannedarc-lamarne.fr\/wp-content\/uploads\/2024\/09\/projet-300x300.jpg 300w, https:\/\/saintejeannedarc-lamarne.fr\/wp-content\/uploads\/2024\/09\/projet-150x150.jpg 150w, https:\/\/saintejeannedarc-lamarne.fr\/wp-content\/uploads\/2024\/09\/projet.jpg 400w\" sizes=\"(max-width: 300px) 100vw, 300px\" \/><\/a><\/p>\n<p>&nbsp;<\/p>\n<p>&nbsp;<\/p>\n<p>&nbsp;<\/p>\n<p>&nbsp;<\/p>\n<p>&nbsp;<\/p>\n<p>&nbsp;<\/p>\n<p>Voici le lien de la vid\u00e9o du lancement du projet des ann\u00e9es 2019-2020 et 2020-2021:<\/p>\n<p><iframe loading=\"lazy\" title=\"Vid\u00e9o projet \u00e9cole 2019 2020\" width=\"1170\" height=\"658\" src=\"https:\/\/www.youtube.com\/embed\/ghIogYfHC1w?feature=oembed\" frameborder=\"0\" allow=\"accelerometer; autoplay; clipboard-write; encrypted-media; gyroscope; picture-in-picture; web-share\" referrerpolicy=\"strict-origin-when-cross-origin\" allowfullscreen><\/iframe><\/p>\n<p>&nbsp;<\/p>\n<p style=\"text-align: center;\">&nbsp;<\/p>\n","protected":false},"excerpt":{"rendered":"<p>Notre projet cette ann\u00e9e&nbsp; &#8221; Le Tour du Monde en 180 jours &#8221; &nbsp; &nbsp;&nbsp; &nbsp; Ce tour du monde se fera au fil de l&#8217;ann\u00e9e avec des rencontres inter classes qui permettront la d\u00e9couverte de pays \u00e0 travers leurs traditions, leurs monuments, leurs sp\u00e9cialit\u00e9s culinaires, leurs artistes, leur histoire&#8230;. Le lancement du projet aura<\/p>\n<p><a href=\"https:\/\/saintejeannedarc-lamarne.fr\/?page_id=65\" class=\"more-link themebutton\">Lire la suite<\/a><\/p>\n","protected":false},"author":2,"featured_media":0,"parent":0,"menu_order":0,"comment_status":"closed","ping_status":"closed","template":"","meta":{"ngg_post_thumbnail":0,"footnotes":""},"_links":{"self":[{"href":"https:\/\/saintejeannedarc-lamarne.fr\/index.php?rest_route=\/wp\/v2\/pages\/65"}],"collection":[{"href":"https:\/\/saintejeannedarc-lamarne.fr\/index.php?rest_route=\/wp\/v2\/pages"}],"about":[{"href":"https:\/\/saintejeannedarc-lamarne.fr\/index.php?rest_route=\/wp\/v2\/types\/page"}],"author":[{"embeddable":true,"href":"https:\/\/saintejeannedarc-lamarne.fr\/index.php?rest_route=\/wp\/v2\/users\/2"}],"replies":[{"embeddable":true,"href":"https:\/\/saintejeannedarc-lamarne.fr\/index.php?rest_route=%2Fwp%2Fv2%2Fcomments&post=65"}],"version-history":[{"count":19,"href":"https:\/\/saintejeannedarc-lamarne.fr\/index.php?rest_route=\/wp\/v2\/pages\/65\/revisions"}],"predecessor-version":[{"id":7551,"href":"https:\/\/saintejeannedarc-lamarne.fr\/index.php?rest_route=\/wp\/v2\/pages\/65\/revisions\/7551"}],"wp:attachment":[{"href":"https:\/\/saintejeannedarc-lamarne.fr\/index.php?rest_route=%2Fwp%2Fv2%2Fmedia&parent=65"}],"curies":[{"name":"wp","href":"https:\/\/api.w.org\/{rel}","templated":true}]}}