{"id":4611,"date":"2021-01-23T21:02:59","date_gmt":"2021-01-23T20:02:59","guid":{"rendered":"https:\/\/saintejeannedarc-lamarne.fr\/?page_id=4611"},"modified":"2021-01-23T21:03:56","modified_gmt":"2021-01-23T20:03:56","slug":"visite-virtuelle-de-lecole","status":"publish","type":"page","link":"https:\/\/saintejeannedarc-lamarne.fr\/?page_id=4611","title":{"rendered":"Visite virtuelle de l&#8217;\u00e9cole"},"content":{"rendered":"<p>Vous trouverez dans le document ci-apr\u00e8s une pr\u00e9sentation de notre \u00e9cole!<\/p>\n<p>Un grand merci aux \u00e9l\u00e8ves de CM2 pour les vid\u00e9os!!!! \ud83d\ude42&nbsp;<\/p>\n<p>Bonne visite&#8230;..et \u00e0 bient\u00f4t!<\/p>\n<iframe src=\"\/\/docs.google.com\/viewer?url=https%3A%2F%2Fsaintejeannedarc-lamarne.fr%2Fwp-content%2Fuploads%2F2021%2F01%2FPresentation-ecole.pdf&hl=fr&embedded=true\" class=\"gde-frame\" style=\"width:100%; height:500px; border: none;\" scrolling=\"no\"><\/iframe>\n<p class=\"gde-text\"><a href=\"https:\/\/saintejeannedarc-lamarne.fr\/wp-content\/uploads\/2021\/01\/Presentation-ecole.pdf\" class=\"gde-link\">T\u00e9l\u00e9charger (PDF, 3.67Mo)<\/a><\/p>\n<p>&nbsp;<\/p>\n","protected":false},"excerpt":{"rendered":"<p>Vous trouverez dans le document ci-apr\u00e8s une pr\u00e9sentation de notre \u00e9cole! Un grand merci aux \u00e9l\u00e8ves de CM2 pour les vid\u00e9os!!!! \ud83d\ude42&nbsp; Bonne visite&#8230;..et \u00e0 bient\u00f4t! &nbsp;<\/p>\n","protected":false},"author":2,"featured_media":0,"parent":0,"menu_order":0,"comment_status":"closed","ping_status":"closed","template":"","meta":{"ngg_post_thumbnail":0,"footnotes":""},"_links":{"self":[{"href":"https:\/\/saintejeannedarc-lamarne.fr\/index.php?rest_route=\/wp\/v2\/pages\/4611"}],"collection":[{"href":"https:\/\/saintejeannedarc-lamarne.fr\/index.php?rest_route=\/wp\/v2\/pages"}],"about":[{"href":"https:\/\/saintejeannedarc-lamarne.fr\/index.php?rest_route=\/wp\/v2\/types\/page"}],"author":[{"embeddable":true,"href":"https:\/\/saintejeannedarc-lamarne.fr\/index.php?rest_route=\/wp\/v2\/users\/2"}],"replies":[{"embeddable":true,"href":"https:\/\/saintejeannedarc-lamarne.fr\/index.php?rest_route=%2Fwp%2Fv2%2Fcomments&post=4611"}],"version-history":[{"count":2,"href":"https:\/\/saintejeannedarc-lamarne.fr\/index.php?rest_route=\/wp\/v2\/pages\/4611\/revisions"}],"predecessor-version":[{"id":4614,"href":"https:\/\/saintejeannedarc-lamarne.fr\/index.php?rest_route=\/wp\/v2\/pages\/4611\/revisions\/4614"}],"wp:attachment":[{"href":"https:\/\/saintejeannedarc-lamarne.fr\/index.php?rest_route=%2Fwp%2Fv2%2Fmedia&parent=4611"}],"curies":[{"name":"wp","href":"https:\/\/api.w.org\/{rel}","templated":true}]}}