{"id":4307,"date":"2020-07-06T11:40:11","date_gmt":"2020-07-06T10:40:11","guid":{"rendered":"https:\/\/saintejeannedarc-lamarne.fr\/?page_id=4307"},"modified":"2020-07-06T11:40:11","modified_gmt":"2020-07-06T10:40:11","slug":"horaires","status":"publish","type":"page","link":"https:\/\/saintejeannedarc-lamarne.fr\/?page_id=4307","title":{"rendered":"Horaires"},"content":{"rendered":"<p><a href=\"https:\/\/saintejeannedarc-lamarne.fr\/wp-content\/uploads\/2020\/07\/horloge.jpg\"><img loading=\"lazy\" decoding=\"async\" class=\"alignnone size-medium wp-image-4308\" src=\"https:\/\/saintejeannedarc-lamarne.fr\/wp-content\/uploads\/2020\/07\/horloge-290x300.jpg\" alt=\"\" width=\"290\" height=\"300\" srcset=\"https:\/\/saintejeannedarc-lamarne.fr\/wp-content\/uploads\/2020\/07\/horloge-290x300.jpg 290w, https:\/\/saintejeannedarc-lamarne.fr\/wp-content\/uploads\/2020\/07\/horloge-768x795.jpg 768w, https:\/\/saintejeannedarc-lamarne.fr\/wp-content\/uploads\/2020\/07\/horloge.jpg 800w\" sizes=\"(max-width: 290px) 100vw, 290px\" \/><\/a><\/p>\n<p>Le temps de classe est r\u00e9parti sur 4 jours : lundi &#8211; mardi &#8211; jeudi &#8211; vendredi<\/p>\n<p>Matin : 9h00 &#8211; 12h15 (ouverture des portes \u00e0 8h50)<\/p>\n<p>Apr\u00e8s-midi : 13h45 &#8211; 16h45 (ouverture des portes \u00e0 13h35)<\/p>\n<p>&nbsp;<\/p>\n","protected":false},"excerpt":{"rendered":"<p>Le temps de classe est r\u00e9parti sur 4 jours : lundi &#8211; mardi &#8211; jeudi &#8211; vendredi Matin : 9h00 &#8211; 12h15 (ouverture des portes \u00e0 8h50) Apr\u00e8s-midi : 13h45 &#8211; 16h45 (ouverture des portes \u00e0 13h35) &nbsp;<\/p>\n","protected":false},"author":2,"featured_media":0,"parent":0,"menu_order":0,"comment_status":"closed","ping_status":"closed","template":"","meta":{"ngg_post_thumbnail":0,"footnotes":""},"_links":{"self":[{"href":"https:\/\/saintejeannedarc-lamarne.fr\/index.php?rest_route=\/wp\/v2\/pages\/4307"}],"collection":[{"href":"https:\/\/saintejeannedarc-lamarne.fr\/index.php?rest_route=\/wp\/v2\/pages"}],"about":[{"href":"https:\/\/saintejeannedarc-lamarne.fr\/index.php?rest_route=\/wp\/v2\/types\/page"}],"author":[{"embeddable":true,"href":"https:\/\/saintejeannedarc-lamarne.fr\/index.php?rest_route=\/wp\/v2\/users\/2"}],"replies":[{"embeddable":true,"href":"https:\/\/saintejeannedarc-lamarne.fr\/index.php?rest_route=%2Fwp%2Fv2%2Fcomments&post=4307"}],"version-history":[{"count":1,"href":"https:\/\/saintejeannedarc-lamarne.fr\/index.php?rest_route=\/wp\/v2\/pages\/4307\/revisions"}],"predecessor-version":[{"id":4310,"href":"https:\/\/saintejeannedarc-lamarne.fr\/index.php?rest_route=\/wp\/v2\/pages\/4307\/revisions\/4310"}],"wp:attachment":[{"href":"https:\/\/saintejeannedarc-lamarne.fr\/index.php?rest_route=%2Fwp%2Fv2%2Fmedia&parent=4307"}],"curies":[{"name":"wp","href":"https:\/\/api.w.org\/{rel}","templated":true}]}}