{"id":2176,"date":"2019-06-21T15:12:03","date_gmt":"2019-06-21T14:12:03","guid":{"rendered":"https:\/\/saintejeannedarc-lamarne.fr\/?page_id=2176"},"modified":"2019-06-21T15:14:15","modified_gmt":"2019-06-21T14:14:15","slug":"sejour-sportif-murs-erigne","status":"publish","type":"page","link":"https:\/\/saintejeannedarc-lamarne.fr\/?page_id=2176","title":{"rendered":"S\u00e9jour sportif M\u00fbrs Erign\u00e9"},"content":{"rendered":"<p>Pour voir nos articles cliquez <a href=\"https:\/\/saintejeannedarc-lamarne.fr\/?cat=18\">ici<\/a><\/p>\n","protected":false},"excerpt":{"rendered":"<p>Pour voir nos articles cliquez ici<\/p>\n","protected":false},"author":2,"featured_media":0,"parent":0,"menu_order":0,"comment_status":"closed","ping_status":"closed","template":"","meta":{"ngg_post_thumbnail":0,"footnotes":""},"_links":{"self":[{"href":"https:\/\/saintejeannedarc-lamarne.fr\/index.php?rest_route=\/wp\/v2\/pages\/2176"}],"collection":[{"href":"https:\/\/saintejeannedarc-lamarne.fr\/index.php?rest_route=\/wp\/v2\/pages"}],"about":[{"href":"https:\/\/saintejeannedarc-lamarne.fr\/index.php?rest_route=\/wp\/v2\/types\/page"}],"author":[{"embeddable":true,"href":"https:\/\/saintejeannedarc-lamarne.fr\/index.php?rest_route=\/wp\/v2\/users\/2"}],"replies":[{"embeddable":true,"href":"https:\/\/saintejeannedarc-lamarne.fr\/index.php?rest_route=%2Fwp%2Fv2%2Fcomments&post=2176"}],"version-history":[{"count":2,"href":"https:\/\/saintejeannedarc-lamarne.fr\/index.php?rest_route=\/wp\/v2\/pages\/2176\/revisions"}],"predecessor-version":[{"id":2179,"href":"https:\/\/saintejeannedarc-lamarne.fr\/index.php?rest_route=\/wp\/v2\/pages\/2176\/revisions\/2179"}],"wp:attachment":[{"href":"https:\/\/saintejeannedarc-lamarne.fr\/index.php?rest_route=%2Fwp%2Fv2%2Fmedia&parent=2176"}],"curies":[{"name":"wp","href":"https:\/\/api.w.org\/{rel}","templated":true}]}}