{"id":1578,"date":"2018-02-20T14:10:56","date_gmt":"2018-02-20T13:10:56","guid":{"rendered":"https:\/\/saintejeannedarc-lamarne.fr\/?page_id=1578"},"modified":"2026-01-19T12:02:15","modified_gmt":"2026-01-19T11:02:15","slug":"qui-est-membre","status":"publish","type":"page","link":"https:\/\/saintejeannedarc-lamarne.fr\/?page_id=1578","title":{"rendered":"Qui est membre ?"},"content":{"rendered":"<p>Les membres du conseil d&#8217;administration de notre APEL sont :&nbsp;<\/p>\n<ul>\n<li>Lucie BOUHIER : Pr\u00e9sidente<\/li>\n<li>Laurie PAULOIN : Vice Pr\u00e9sidente<\/li>\n<li>Damien PACE : Tr\u00e9sorier<\/li>\n<li>Elodie BONTEMPS : Secr\u00e9taire<\/li>\n<li>Assia GRASSET-ANDRE<\/li>\n<li>La\u00ebtitia HAMON<\/li>\n<li>Audrey LALLEMENT<\/li>\n<li>C\u00e9line TETEDOIE PACE<\/li>\n<li>Adeline VOLLARD<\/li>\n<\/ul>\n<p>&nbsp;<\/p>\n<p><span style=\"font-weight: 400;\">Nous adh\u00e9rons &nbsp;\u00e0 l\u2019APEL et l\u2019UDAPEL (Union D\u00e9partementale des APEL) : <\/span><a href=\"https:\/\/www.apel.fr\"><span style=\"font-weight: 400;\">https:\/\/www.apel.fr<\/span><\/a><\/p>\n<p>Certains parents d&#8217;\u00e9l\u00e8ves sont \u00e9galement adh\u00e9rents et\/ou b\u00e9n\u00e9voles tout au long de l&#8217;ann\u00e9e scolaire sur les actions que nous proposons.&nbsp;<\/p>\n<p>&nbsp;<\/p>\n","protected":false},"excerpt":{"rendered":"<p>Les membres du conseil d&#8217;administration de notre APEL sont :&nbsp; Lucie BOUHIER : Pr\u00e9sidente Laurie PAULOIN : Vice Pr\u00e9sidente Damien PACE : Tr\u00e9sorier Elodie BONTEMPS : Secr\u00e9taire Assia GRASSET-ANDRE La\u00ebtitia HAMON Audrey LALLEMENT C\u00e9line TETEDOIE PACE Adeline VOLLARD &nbsp; Nous adh\u00e9rons &nbsp;\u00e0 l\u2019APEL et l\u2019UDAPEL (Union D\u00e9partementale des APEL) : https:\/\/www.apel.fr Certains parents d&#8217;\u00e9l\u00e8ves sont<\/p>\n<p><a href=\"https:\/\/saintejeannedarc-lamarne.fr\/?page_id=1578\" class=\"more-link themebutton\">Lire la suite<\/a><\/p>\n","protected":false},"author":2,"featured_media":0,"parent":0,"menu_order":0,"comment_status":"closed","ping_status":"closed","template":"","meta":{"ngg_post_thumbnail":0,"footnotes":""},"_links":{"self":[{"href":"https:\/\/saintejeannedarc-lamarne.fr\/index.php?rest_route=\/wp\/v2\/pages\/1578"}],"collection":[{"href":"https:\/\/saintejeannedarc-lamarne.fr\/index.php?rest_route=\/wp\/v2\/pages"}],"about":[{"href":"https:\/\/saintejeannedarc-lamarne.fr\/index.php?rest_route=\/wp\/v2\/types\/page"}],"author":[{"embeddable":true,"href":"https:\/\/saintejeannedarc-lamarne.fr\/index.php?rest_route=\/wp\/v2\/users\/2"}],"replies":[{"embeddable":true,"href":"https:\/\/saintejeannedarc-lamarne.fr\/index.php?rest_route=%2Fwp%2Fv2%2Fcomments&post=1578"}],"version-history":[{"count":25,"href":"https:\/\/saintejeannedarc-lamarne.fr\/index.php?rest_route=\/wp\/v2\/pages\/1578\/revisions"}],"predecessor-version":[{"id":7661,"href":"https:\/\/saintejeannedarc-lamarne.fr\/index.php?rest_route=\/wp\/v2\/pages\/1578\/revisions\/7661"}],"wp:attachment":[{"href":"https:\/\/saintejeannedarc-lamarne.fr\/index.php?rest_route=%2Fwp%2Fv2%2Fmedia&parent=1578"}],"curies":[{"name":"wp","href":"https:\/\/api.w.org\/{rel}","templated":true}]}}